In base 3, what is -1 - -1220001102012?
1220001102011
In base 8, what is 2170366 - 141?
2170225
In base 3, what is 12210000022 + 20210?
12210021002
In base 2, what is 10 - 1101000010101100011000001110?
-1101000010101100011000001100
In base 14, what is -1839d7 - -28?
-1839ad
In base 9, what is 747 - 200651?
-188803
In base 4, what is -2 + -31210320013110?
-31210320013112
In base 12, what is 241a8ba7 + -2?
241a8ba5
In base 3, what is 221121121021 + -110?
221121120211
In base 8, what is 202306 + 11260?
213566
In base 14, what is 7ad957 + 4?
7ad95b
In base 3, what is -11012001022 - 101001010?
-11120002102
In base 7, what is -4 - -4236306?
4236302
In base 15, what is 363071c - -2?
363071e
In base 8, what is -52 + 1653142?
1653070
In base 5, what is -3 - 20404332120?
-20404332123
In base 6, what is -34 + 3402544?
3402510
In base 15, what is -21457 + ac1?
-20886
In base 7, what is 3 + -1230356?
-1230353
In base 10, what is 23884 + -292?
23592
In base 15, what is -785e + 134?
-772a
In base 5, what is -13 - -4211013101?
4211013033
In base 6, what is 23153 + -21025?
2124
In base 5, what is 4 - -23331030?
23331034
In base 12, what is 4861797 - 0?
4861797
In base 9, what is 3234770 + -74?
3234685
In base 14, what is 1a - -64618?
64634
In base 16, what is -42b - -1d93f?
1d514
In base 10, what is -129 - -108767?
108638
In base 9, what is -84286375 - -8?
-84286366
In base 5, what is -13000 + 23311344?
23243344
In base 15, what is -1092ae5 + -3?
-1092ae8
In base 2, what is 11 - -10100001010101110101001?
10100001010101110101100
In base 14, what is -34bd + -577?
-3a56
In base 11, what is 3404 - -6907?
a210
In base 13, what is 9a2aa + -8?
9a2a2
In base 16, what is 2f + 89c4?
89f3
In base 15, what is -41e80ea3 + 0?
-41e80ea3
In base 10, what is 1219 - 36853?
-35634
In base 15, what is -d18 - -15ee7?
151ce
In base 11, what is 3293 + 2593a?
29122
In base 12, what is 57 + -3568?
-3511
In base 8, what is -161746015 - -4?
-161746011
In base 10, what is -41 + 1054845?
1054804
In base 7, what is -14533622010 - -5?
-14533622002
In base 6, what is -425513231 - -20?
-425513211
In base 16, what is -aa4 + -8b6?
-135a
In base 15, what is -48e8b + 5?
-48e86
In base 13, what is a102ac5 + 1?
a102ac6
In base 11, what is 772534 - 6?
772529
In base 3, what is 11101 - 110011122122?
-110011111021
In base 9, what is 1887 + -615?
1272
In base 12, what is -78b - -405?
-386
In base 12, what is 49 + -4355a?
-43511
In base 3, what is -220 - 10022211010122?
-10022211011112
In base 3, what is 1 - 1110001112121020?
-1110001112121012
In base 15, what is 29c918d + -2?
29c918b
In base 6, what is -11503 - 234331?
-250234
In base 12, what is ba8 + 869?
1855
In base 16, what is 7c3a2 + 3?
7c3a5
In base 15, what is 1b - -3bd6699?
3bd66b5
In base 7, what is -651 - 5014224?
-5015205
In base 6, what is -13324553 + 50?
-13324503
In base 14, what is -551796 - -29?
-55176b
In base 7, what is 133215 + -405?
132510
In base 5, what is -341420413 - 103?
-341421021
In base 9, what is 428542622 - 3?
428542618
In base 13, what is -2588 + -951a?
-baa5
In base 3, what is 11 - -2002011101211?
2002011101222
In base 7, what is 3 - -615301215?
615301221
In base 11, what is -a321aa66 + 4?
-a321aa62
In base 4, what is 2222 - 20131131322?
-20131123100
In base 11, what is 66 + 2276a50?
2277006
In base 5, what is 1414432034 - -1?
1414432040
In base 11, what is -3 + -53386a1?
-53386a4
In base 13, what is 568360 + -7?
568356
In base 4, what is 132210012 - 2120?
132201232
In base 10, what is 1668 + 1902?
3570
In base 5, what is -13111023 + 14112?
-13041411
In base 15, what is -c387e1 + 4?
-c387dc
In base 14, what is 80b8a + c2?
80c6c
In base 4, what is 110013 + 2210001?
2320020
In base 13, what is 1 - -2078bc9?
2078bca
In base 15, what is -c3a136 - 4?
-c3a13a
In base 2, what is 10101 + 1010001001000100010111001?
1010001001000100011001110
In base 15, what is -72ba - -10ac?
-620d
In base 11, what is -20 + -297550?
-297570
In base 6, what is 144130040 - -134?
144130214
In base 6, what is 41330 - -211?
41541
In base 14, what is -991a03 - -5?
-9919dc
In base 10, what is -9 - -644363?
644354
In base 11, what is 116 - -4515?
4630
In base 8, what is 4167 - 106154?
-101765
In base 11, what is 5 - -3827a711?
3827a716
In base 13, what is -261b854 + 2?
-261b852
In base 2, what is 1 - 1001111101111111101001?
-1001111101111111101000
In base 6, what is -11414 + -455435?
-511253
In base 11, what is -24655 + 76?
-2458a
In base 13, what is -5942ac - 4a?
-594329
In base 11, what is -26a - -344469?
3441aa
In base 2, what is 10011101011011010101110111 + 0?
10011101011011010101110111
In base 13, what is c934167 + -8?
c93415c
In base 5, what is -313234130 - -3303?
-313230322
In base 13, what is -73 - 51a8c?
-51b32
In base 15, what is 1548 + -2cb8?
-1770
In base 13, what is 13 - 128886?
-128873
In base 2, what is -1001110111110100110010 + 100111010?
-1001110111101111111000
In base 9, what is 687 - 17153?
-16355
In base 4, what is -101121 + -2220210?
-2321331
In base 4, what is -1321012131 - 22?
-1321012213
In base 6, what is 240044440 + -23?
240044413
In base 15, what is -6c1 - -9b3?
2e2
In base 12, what is -34 - 3b77050?
-3b77084
In base 5, what is -32021444014 - 3?
-32021444022
In base 14, what is -5 - 1b46151?
-1b46156
In base 14, what is -4 + 7401b4?
7401b0
In base 6, what is -2311432055 + 3?
-2311432052
In base 2, what is 11 - -10100111001010001101000?
10100111001010001101011
In base 15, what is -4 + 6bd222c?
6bd2228
In base 14, what is -aac52c3 - -2?
-aac52c1
In base 13, what is -82 - -5b077?
5acc5
In base 8, what is -2437 - -131627?
127170
In base 2, what is 1100 + -10001010110111100?
-10001010110110000
In base 2, what is 11011011111 - 10100101100101?
-10001010000110
In base 14, what is -1579b - 94?
-15851
In base 11, what is -a45a34 - -8?
-a45a27
In base 16, what is 55fe - 3d25?
18d9
In base 15, what is -84cd5 - 3b?
-84d21
In base 3, what is -1 - -22211000200100?
22211000200022
In base 15, what is -5 + -33d43d?
-33d443
In base 5, what is -1211441121422 + -11?
-1211441121433
In base 12, what is 22a849 - 295?
22a574
In base 12, what is -18a - 499b8?
-49b86
In base 10, what is -4311 + -10022?
-14333
In base 7, what is 223154 - -1114?
224301
In base 16, what is a4 - -1c3c8?
1c46c
In base 15, what is 1 + 247aad16?
247aad17
In base 9, what is -3680554 + -18?
-3680573
In base 7, what is -3 - -6520513063?
6520513060
In base 15, what is -6 + 293b21?
293b1a
In base 2, what is -10001111011011000101100111 - -100?
-10001111011011000101100011
In base 3, what is 101 + -120221210201?
-120221210100
In base 8, what is 41 + -1002611?
-1002550
In base 9, what is 30 - 834722?
-834682
In base 5, what is -21422 - -30304?
3332
In base 3, what is 220202122 - 1020221?
212111201
In base 14, what is -13824 - -1a3c?
-11bc6
In base 16, what is -4 + -5713a68?
-5713a6c
In base 6, what is 5550531453 + -21?
5550531432
In base 14, what is 2 - -6a9d99?
6a9d9b
In base 15, what is 439977c - 1?
439977b
In base 16, what is -1535 - 2a1?
-17d6
In base 16, what is -9d + 5ccf?
5c32
In base 7, what is 212540355 - -106?
212540464
In base 16, what is 37 + -9c17?
-9be0
In base 2, what is 1111001010101000010 + 10100?
1111001010101010110
In base 15, what is -e + 1c23233?
1c23224
In base 10, what is -5 + 13167621?
13167616
In base 5, what is 33114 - -20001?
103120
In base 9, what is 2700025 + -86?
2688828
In base 13, what is -b890 - -128c?
-a601
In base 7, what is -15333 + 44?
-15256
In base 12, what is 5 - a035617?
-a035612
In base 4, what is 10330010210311 - 11?
10330010210300
In base 12, what is 349 + -273?
96
In base 14, what is -592958 + -14?
-59296c
In base 12, what is -1a0 + -1a083?
-1a263
In base 2, what is -111100 - -101111010011001?
101111001011101
In base 2, what is -11 - 1010011110010011001100100110?
-1010011110010011001100101001
In base 8, what is 2 + -1351630702?
-1351630700
In base 4, what is -1022 + -2120323302?
-2120330330
In base 5, what is -202042213 - -101?
-202042112
In base 6, what is -233044332 - 11?
-233044343
In base 8, what is 246716 - -1205?
250123
In base 4, what is 11 + 32003223130?
32003223201
In base 12, what is a534b01 - -9?
a534b0a
In base 10, what is -1 - -15845273?
15845272
In base 7, what is 424406 - 12330?
412046
In base 5, what is 22032210 - 11410?
